
Calculate the remainder when 5886 is divided by 7.
6
Calculate the remainder when 19807 is divided by 283.
280
Calculate the remainder when 160 is divided by 60.
40
What is the remainder when 340 is divided by 76?
36
What is the remainder when 46 is divided by 10?
6
What is the remainder when 557 is divided by 62?
61
What is the remainder when 3544 is divided by 18?
16
Calculate the remainder when 4251 is divided by 1406.
33
Calculate the remainder when 158 is divided by 15.
8
What is the remainder when 813 is divided by 48?
45
Calculate the remainder when 238 is divided by 60.
58
Calculate the remainder when 97 is divided by 34.
29
What is the remainder when 583 is divided by 115?
8
Calculate the remainder when 10 is divided by 9.
1
Calculate the remainder when 184 is divided by 31.
29
What is the remainder when 87 is divided by 53?
34
What is the remainder when 107 is divided by 10?
7
What is the remainder when 117 is divided by 6?
3
Calculate the remainder when 538 is divided by 108.
106
What is the remainder when 339 is divided by 38?
35
What is the remainder when 212 is divided by 202?
10
Calculate the remainder when 67 is divided by 19.
10
Calculate the remainder when 2205 is divided by 592.
429
Calculate the remainder when 41 is divided by 8.
1
What is the remainder when 538 is divided by 26?
18
Calculate the remainder when 447 is divided by 9.
6
What is the remainder when 3006 is divided by 43?
39
What is the remainder when 1384 is divided by 21?
19
What is the remainder when 1200 is divided by 62?
22
What is the remainder when 2004 is divided by 59?
57
Calculate the remainder when 237 is divided by 24.
21
What is the remainder when 87 is divided by 11?
10
What is the remainder when 1717 is divided by 434?
415
What is the remainder when 2253 is divided by 278?
29
What is the remainder when 150 is divided by 137?
13
What is the remainder when 52 is divided by 32?
20
Calculate the remainder when 7294 is divided by 48.
46
What is the remainder when 772 is divided by 159?
136
Calculate the remainder when 6353 is divided by 163.
159
Calculate the remainder when 79 is divided by 39.
1
What is the remainder when 33 is divided by 12?
9
Calculate the remainder when 305 is divided by 11.
8
What is the remainder when 81 is divided by 47?
34
Calculate the remainder when 17403 is divided by 68.
63
What is the remainder when 9164 is divided by 32?
12
What is the remainder when 417 is divided by 21?
18
Calculate the remainder when 116 is divided by 26.
12
Calculate the remainder when 627 is divided by 42.
39
Calculate the remainder when 6008 is divided by 32.
24
What is the remainder when 454 is divided by 190?
74
Calculate the remainder when 2836 is divided by 61.
30
What is the remainder when 100 is divided by 35?
30
Calculate the remainder when 1085 is divided by 346.
47
What is the remainder when 1204 is divided by 9?
7
What is the remainder when 77 is divided by 13?
12
What is the remainder when 257 is divided by 31?
9
Calculate the remainder when 1227 is divided by 30.
27
What is the remainder when 755 is divided by 28?
27
What is the remainder when 6949 is divided by 331?
329
What is the remainder when 322 is divided by 138?
46
What is the remainder when 497 is divided by 261?
236
What is the remainder when 2153 is divided by 430?
3
What is the remainder when 84 is divided by 71?
13
What is the remainder when 117 is divided by 58?
1
What is the remainder when 840 is divided by 417?
6
Calculate the remainder when 111 is divided by 65.
46
What is the remainder when 1694 is divided by 23?
15
Calculate the remainder when 224 is divided by 12.
8
Calculate the remainder when 183 is divided by 175.
8
What is the remainder when 764 is divided by 18?
8
What is the remainder when 650 is divided by 20?
10
Calculate the remainder when 147 is divided by 10.
7
Calculate the remainder when 385 is divided by 33.
22
What is the remainder when 28 is divided by 20?
8
What is the remainder when 89 is divided by 30?
29
Calculate the remainder when 3172 is divided by 31.
10
Calculate the remainder when 1320 is divided by 267.
252
What is the remainder when 1351 is divided by 8?
7
Calculate the remainder when 251 is divided by 11.
9
What is the remainder when 167 is divided by 26?
11
What is the remainder when 199 is divided by 51?
46
What is the remainder when 96 is divided by 66?
30
What is the remainder when 191 is divided by 51?
38
What is the remainder when 2802 is divided by 33?
30
What is the remainder when 1153 is divided by 409?
335
Calculate the remainder when 153 is divided by 58.
37
What is the remainder when 602 is divided by 126?
98
Calculate the remainder when 12 is divided by 4.
0
Calculate the remainder when 1142 is divided by 26.
24
Calculate the remainder when 94 is divided by 56.
38
What is the remainder when 28 is divided by 14?
0
What is the remainder when 1743 is divided by 247?
14
What is the remainder when 659 is divided by 39?
35
Calculate the remainder when 60 is divided by 23.
14
Calculate the remainder when 369 is divided by 17.
12
Calculate the remainder when 518 is divided by 228.
62
Calculate the remainder when 4163 is divided by 85.
83
What is the remainder when 1514 is divided by 486?
56
Calculate the remainder when 1453 is divided by 20.
13
What is the remainder when 109 is divided by 54?
1
What is the remainder when 458 is divided by 33?
29
What is the remainder when 1719 is divided by 158?
139
What is the remainder when 35 is divided by 26?
9
What is the remainder when 6 is divided by 6?
0
What is the remainder when 249 is divided by 28?
25
What is the remainder when 153 is divided by 39?
36
Calculate the remainder when 1678 is divided by 140.
138
What is the remainder when 177 is divided by 83?
11
Calculate the remainder when 80 is divided by 19.
4
Calculate the remainder when 1479 is divided by 78.
75
What is the remainder when 2286 is divided by 47?
30
What is the remainder when 92 is divided by 5?
2
What is the remainder when 1504 is divided by 149?
14
What is the remainder when 817 is divided by 216?
169
Calculate the remainder when 19 is divided by 10.
9
Calculate the remainder when 372 is divided by 342.
30
What is the remainder when 3275 is divided by 42?
41
What is the remainder when 611 is divided by 297?
17
What is the remainder when 143 is divided by 36?
35
Calculate the remainder when 81 is divided by 31.
19
What is the remainder when 305 is divided by 22?
19
Calculate the remainder when 1997 is divided by 25.
22
Calculate the remainder when 1207 is divided by 414.
379
Calculate the remainder when 412 is divided by 38.
32
Calculate the remainder when 2493 is divided by 65.
23
What is the remainder when 465 is divided by 114?
9
What is the remainder when 562 is divided by 86?
46
Calculate the remainder when 2517 is divided by 30.
27
Calculate the remainder when 110 is divided by 79.
31
What is the remainder when 32 is divided by 10?
2
What is the remainder when 1565 is divided by 5?
0
What is the remainder when 2538 is divided by 520?
458
Calculate the remainder when 147 is divided by 1.
0
Calculate the remainder when 400 is divided by 123.
31
What is the remainder when 86 is divided by 46?
40
Calculate the remainder when 329 is divided by 10.
9
What is the remainder when 1899 is divided by 624?
27
What is the remainder when 2516 is divided by 49?
17
Calculate the remainder when 96 is divided by 72.
24
Calculate the remainder when 130 is divided by 27.
22
What is the remainder when 527 is divided by 67?
58
Calculate the remainder when 656 is divided by 214.
14
What is the remainder when 697 is divided by 68?
17
Calculate the remainder when 289 is divided by 42.
37
What is the remainder when 437 is divided by 103?
25
Calculate the remainder when 1698 is divided by 142.
136
What is the remainder when 371 is divided by 152?
67
Calculate the remainder when 175 is divided by 35.
0
Calculate the remainder when 6080 is divided by 1518.
8
What is the remainder when 1494 is divided by 189?
171
Calculate the remainder when 2551 is divided by 111.
109
What is the remainder when 456 is divided by 5?
1
What is the remainder when 577 is divided by 35?
17
What is the remainder when 873 is divided by 35?
33
Calculate the remain